he prime factors of 325794?
2, 3, 7, 7757
What are the prime factors of 34614137?
47, 736471
What are the prime factors of 6392592?
2, 3, 103, 431
What are the prime factors of 12904?
2, 1613
What are the prime factors of 11554525?
5, 462181
What are the prime factors of 4498580?
2, 5, 224929
What are the prime factors of 331005?
3, 5, 22067
List the prime factors of 340582.
2, 11, 113, 137
List the prime factors of 665988.
2, 3, 19, 23, 127
What are the prime factors of 4238856?
2, 3, 113, 521
List the prime factors of 116597.
13, 8969
List the prime factors of 502949.
19, 103, 257
List the prime factors of 10142323.
10142323
What are the prime factors of 12636039?
3, 13, 23, 14087
List the prime factors of 305889.
3, 101963
What are the prime factors of 1084868?
2, 271217
List the prime factors of 3048364.
2, 11, 29, 2389
What are the prime factors of 127757?
7, 18251
What are the prime factors of 29432624?
2, 13, 71, 1993
What are the prime factors of 9613806?
2, 3, 17, 94253
List the prime factors of 2486027.
2486027
What are the prime factors of 13329945?
3, 5, 296221
What are the prime factors of 428580?
2, 3, 5, 2381
What are the prime factors of 39719?
39719
What are the prime factors of 7976387?
59, 135193
List the prime factors of 6052306.
2, 13, 17, 13693
What are the prime factors of 162314?
2, 81157
What are the prime factors of 244988?
2, 73, 839
List the prime factors of 4484171.
19, 53, 61, 73
What are the prime factors of 9620383?
47, 79, 2591
What are the prime factors of 358454?
2, 19, 9433
List the prime factors of 112121.
112121
List the prime factors of 478962.
2, 3, 11, 41, 59
List the prime factors of 3158789.
613, 5153
What are the prime factors of 832766?
2, 11, 37853
List the prime factors of 29967575.
5, 11, 59, 1847
What are the prime factors of 22436627?
137, 163771
List the prime factors of 251041.
7, 35863
List the prime factors of 12526154.
2, 2153, 2909
List the prime factors of 166253.
31, 173
What are the prime factors of 522967?
157, 3331
What are the prime factors of 3388126?
2, 7, 242009
What are the prime factors of 3470895?
3, 5, 137, 563
List the prime factors of 16918979.
7, 11, 219727
List the prime factors of 1568855.
5, 43, 7297
List the prime factors of 336678.
2, 3, 56113
List the prime factors of 166101.
3, 13, 4259
List the prime factors of 3731586.
2, 3, 313, 1987
List the prime factors of 94453.
29, 3257
What are the prime factors of 338599?
19, 71, 251
List the prime factors of 3024841.
3024841
List the prime factors of 45301.
89, 509
What are the prime factors of 2549565?
3, 5, 53, 1069
List the prime factors of 154531.
13, 11887
What are the prime factors of 4479454?
2, 7, 53, 6037
What are the prime factors of 51554?
2, 149, 173
What are the prime factors of 6519485?
5, 7, 186271
List the prime factors of 254100.
2, 3, 5, 7, 11
What are the prime factors of 10592?
2, 331
List the prime factors of 214764.
2, 3, 11, 1627
List the prime factors of 10666529.
10666529
What are the prime factors of 4425950?
2, 5, 17, 41, 127
List the prime factors of 443707.
11, 19, 193
List the prime factors of 1051468.
2, 11, 23, 1039
List the prime factors of 11506552.
2, 17, 19, 61, 73
List the prime factors of 288020.
2, 5, 14401
List the prime factors of 31712558.
2, 19, 61, 13681
What are the prime factors of 519918?
2, 3, 7, 12379
What are the prime factors of 274999?
59, 79
What are the prime factors of 423947?
19, 53, 421
What are the prime factors of 928418?
2, 23, 20183
List the prime factors of 1996487.
1996487
List the prime factors of 15452910.
2, 3, 5, 11, 43
List the prime factors of 1723951.
71, 24281
What are the prime factors of 469185?
3, 5, 31, 1009
What are the prime factors of 85784?
2, 10723
List the prime factors of 3580194.
2, 3, 37, 16127
What are the prime factors of 181253?
181253
What are the prime factors of 4121039?
13, 317003
List the prime factors of 194498.
2, 79, 1231
What are the prime factors of 116474?
2, 58237
What are the prime factors of 578197?
23, 1093
List the prime factors of 8473445.
5, 1694689
What are the prime factors of 882268?
2, 367, 601
What are the prime factors of 1058511?
3, 352837
List the prime factors of 26264534.
2, 13132267
List the prime factors of 1098530.
2, 5, 37, 2969
What are the prime factors of 422405?
5, 84481
List the prime factors of 6185170.
2, 5, 613, 1009
What are the prime factors of 1452386?
2, 13, 4297
List the prime factors of 56028.
2, 3, 7, 23, 29
List the prime factors of 15176654.
2, 613, 12379
What are the prime factors of 939825?
3, 5, 4177
What are the prime factors of 383625?
3, 5, 11, 31
List the prime factors of 18565621.
31, 598891
What are the prime factors of 429459?
3, 37, 53, 73
What are the prime factors of 62142?
2, 3, 10357
List the prime factors of 362390.
2, 5, 7, 31, 167
List the prime factors of 7340578.
2, 7, 37, 383
List the prime factors of 231140.
2, 5, 7, 13, 127
List the prime factors of 25817.
11, 2347
What are the prime factors of 81715?
5, 59, 277
What are the prime factors of 533477?
7, 17, 4483
List the prime factors of 14917.
7, 2131
List the prime factors of 1571041.
257, 6113
List the prime factors of 473817.
3, 43, 3673
List the prime factors of 5079126.
2, 3, 13, 5009
List the prime factors of 92801.
92801
List the prime factors of 12872600.
2, 5, 13, 4951
List the prime factors of 26700.
2, 3, 5, 89
What are the prime factors of 1608016?
2, 100501
List the prime factors of 13100413.
349, 37537
What are the prime factors of 1391295?
3, 5, 92753
List the prime factors of 4565170.
2, 5, 456517
What are the prime factors of 8048919?
3, 23, 157, 743
What are the prime factors of 475022?
2, 109, 2179
What are the prime factors of 6859742?
2, 31, 110641
List the prime factors of 4378067.
149, 29383
List the prime factors of 265446.
2, 3, 14747
What are the prime factors of 19862?
2, 9931
List the prime factors of 852871.
852871
List the prime factors of 3986322.
2, 3, 379, 1753
What are the prime factors of 86203?
13, 19, 349
List the prime factors of 19337000.
2, 5, 61, 317
List the prime factors of 466443.
3, 51827
List the prime factors of 58715.
5, 11743
What are the prime factors of 1037814?
2, 3, 172969
What are the prime factors of 821766?
2, 3, 11, 12451
List the prime factors of 14959490.
2, 5, 7, 13, 17, 967
List the prime factors of 57769.
41, 1409
What are the prime factors of 177111?
3, 11, 1789
What are the prime factors of 270375?
3, 5, 7, 103
List the prime factors of 49971.
3, 16657
List the prime factors of 35141018.
2, 11, 41, 38959
List the prime factors of 1395708.
2, 3, 107, 1087
What are the prime factors of 1221641?
1221641
What are the prime factors of 3989409?
3, 229, 5807
What are the prime factors of 4707233?
4707233
What are the prime factors of 14736040?
2, 5, 11, 107, 313
What are the prime factors of 8573450?
2, 5, 171469
List the prime factors of 259085.
5, 51817
What are the prime factors of 7317278?
2, 3658639
What are the prime factors of 175908?
2, 3, 107, 137
List the prime factors of 634673.
13, 48821
List the prime factors of 250112.
2, 977
List the prime factors of 256225.
5, 37, 277
List the prime factors of 23969150.
2, 5, 17, 163, 173
What are the prime factors of 693523?
693523
What are the prime factors of 1097716?
2, 37, 7417
List the prime factors of 1166819.
41, 149, 191
What are the prime factors of 250440?
2, 3, 5, 2087
What are the prime factors of 4165685?
5, 241, 3457
List the prime factors of 1696948.
2, 11, 38567
List the prime factors of 4723707.
3, 1574569
What are the prime factors of 3240467?
3240467
What are the prime factors of 13456831?
113, 119087
List the prime factors of 3332728.
2, 7, 59513
List the prime factors of 4586385.
3, 5, 305759
What are the prime factors of 407785?
5, 7, 61, 191
List the prime factors of 2563369.
2563369
What are the prime factors of 22236089?
22236089
What are the prime factors of 264539?
11, 24049
What are the prime factors of 1616809?
1616809
What are the prime factors of 9012351?
3, 31, 96907
List the prime factors of 57730.
2, 5, 23, 251
List the prime factors of 136058.
2, 13, 5233
List the prime factors of 165954.
2, 3, 17, 1627
What are the prime factors of 21826821?
3, 29, 31, 8093
What are the